What is u(58)?
19
Let o(w) = -2*w**2 - 11*w - 29. What is o(-4)?
-17
Let u(b) = -12*b**2 - 71*b + 15. Determine u(0).
15
Let s(k) = k**2 - 450*k + 3986. Give s(9).
17
Let c(s) = 211*s + 4845. What is c(-23)?
-8
Let w(b) = -9*b**2 - 45*b - 154. Give w(-3).
-100
Let s(u) = 664*u - 8053. Determine s(12).
-85
Let h(m) = -m**3 - 3*m**2 + 6*m - 132. Give h(-7).
22
Let r(o) = -o**3 - 25*o**2 - 81*o + 107. Give r(-21).
44
Let v(u) = u**3 - 87*u**2 + 91*u - 422. Determine v(86).
8
Let w(h) = h**3 - 15*h**2 + 22*h + 9. What is w(12)?
-159
Let d(r) = r**2 + 12*r - 163. What is d(-20)?
-3
Let g(y) = -2*y**2 + 70*y + 719. What is g(43)?
31
Let k(g) = -20719*g - 82873. Give k(-4).
3
Let p(g) = -199*g + 3010. Give p(15).
25
Let l(q) = -11*q - 14. Give l(-1).
-3
Let r(p) = 4*p - 344. Determine r(88).
8
Let f(d) = 3381*d - 13523. Give f(4).
1
Let h(v) = -v**3 - 3*v**2 - 15*v - 64. Calculate h(-4).
12
Let w(j) = -25*j + 417. Calculate w(17).
-8
Let y(o) = -4*o**3 - o**2 + 2*o + 7. Determine y(-3).
100
Let u(q) = 2*q**3 - 284*q**2 - 296*q + 1443. Give u(143).
13
Let m(l) = 9*l**3 + 10*l**2 - 24*l - 1. What is m(2)?
63
Let y(j) = 2*j**3 - 21*j**2 + 40*j + 22. Calculate y(8).
22
Let g(k) = -11*k**2 + 850*k - 112. Calculate g(77).
119
Let q(y) = -y**2 - 12*y + 85. Determine q(-20).
-75
Let q(r) = 9*r**3 - 287*r**2 - 31*r - 5. Give q(32).
27
Let h(c) = c**3 + 5*c**2 - 12*c - 71. What is h(-4)?
-7
Let i(g) = -g**2 - 10*g - 67. What is i(-9)?
-58
Let b(v) = -9*v**2 + 77*v + 196. Give b(10).
66
Let c(o) = -52*o**2 + 449*o - 266. Give c(8).
-2
Let i(p) = 89*p - 5601. What is i(63)?
6
Let l(w) = -5*w**2 + 30*w - 106. Give l(6).
-106
Let h(q) = 132*q - 6068. Calculate h(46).
4
Let j(d) = -d**3 + 79*d**2 - 1338*d - 660. Determine j(54).
-12
Let q(a) = 2*a**2 + 51*a + 249. What is q(-19)?
2
Let l(z) = -2*z**2 + 5*z + 75. Give l(-5).
0
Let h(x) = -x**3 + 6*x**2 + 58*x - 40. Determine h(11).
-7
Let m(o) = 19*o**2 - 589*o + 5. Calculate m(31).
5
Let r(g) = g**3 - 54*g**2 + 3*g - 177. Give r(54).
-15
Let m(t) = -t**3 - 83*t**2 + 164*t - 515. What is m(-85)?
-5
Let p(s) = -26*s**2 + 61*s. Calculate p(3).
-51
Let x(w) = -w**2 - 76*w + 1264. Give x(14).
4
Let z(k) = -304*k - 293. What is z(-1)?
11
Let p(x) = -x**3 + 23*x**2 - 21*x - 94. Give p(22).
-72
Let g(c) = -c**2 - 26*c + 26. Determine g(-29).
-61
Let n(c) = 8*c**2 + 18*c + 22. Calculate n(-3).
40
Let k(z) = 4*z**2 - 4*z - 10. What is k(-3)?
38
Let r(n) = -4*n**3 + 115*n**2 + 32*n - 79. Give r(29).
8
Let t(r) = 3*r**2 - 19*r - 1. What is t(1)?
-17
Let b(o) = -163*o + 671. Give b(5).
-144
Let q(r) = -4950*r - 4953. Give q(-1).
-3
Let q(i) = 5*i - 314. Determine q(54).
-44
Let q(f) = -292*f**2 + 4670*f + 37. Determine q(16).
5
Let x(w) = 16*w**2 + 10*w + 28. Give x(-3).
142
Let a(f) = -1210*f + 8. Calculate a(0).
8
Let k(q) = q**3 + q**2 - 90*q - 6. What is k(-10)?
-6
Let m(r) = r**2 - 76*r + 417. Calculate m(70).
-3
Let t(y) = 9*y + 304. Calculate t(-52).
-164
Let q(d) = -4*d**2 - 101*d - 56. What is q(-24)?
64
Let z(i) = 3*i**2 + 117*i - 383. Calculate z(-42).
-5
Let u(v) = -2*v**3 - 51*v**2 + 65*v + 1. Calculate u(0).
1
Let w(i) = i**2 - 3*i - 10. Determine w(-1).
-6
Let z(x) = -7*x + 72. Calculate z(12).
-12
Let t(n) = -n**3 + 54*n**2 + 2*n - 53. Give t(54).
55
Let l(s) = s**2 - 27*s + 173. What is l(12)?
-7
Let t(z) = -36*z**3 + 30*z + 30. Give t(-1).
36
Let w(c) = 1794*c + 1789. What is w(-1)?
-5
Let a(o) = -3*o**2 + 10840*o - 10840. Calculate a(1).
-3
Let m(o) = o**2 + 51*o + 105. What is m(-50)?
55
Let u(q) = q**3 - 60*q**2 + 3*q - 171. Give u(60).
9
Let a(z) = z**3 - z**2 + 5*z - 126. Calculate a(0).
-126
Let y(o) = -2061*o + 4106. What is y(2)?
-16
Let h(n) = 43*n**2 - 79*n - 15. What is h(2)?
-1
Let a(c) = 6*c**2 - 42*c + 24. Determine a(12).
384
Let c(g) = -2*g**2 + 39*g + 71. Calculate c(21).
8
Let s(r) = 17*r + 20. Determine s(-6).
-82
Let t(l) = l**3 - 14*l**2 - 56*l + 55. Calculate t(17).
-30
Let p(o) = 562*o + 2256. Determine p(-4).
8
Let w(x) = -71*x + 4826. What is w(68)?
-2
Let u(n) = -5*n**3 + n**2 + 8*n - 10. Give u(1).
-6
Let g(y) = y**3 + 62*y**2 - 16*y - 1036. Calculate g(-62).
-44
Let d(j) = -140*j - 471. What is d(-10)?
929
Let q(l) = 5*l**2 - 217*l + 675. Calculate q(40).
-5
Let i(z) = 7*z**2 + 66*z + 28. Determine i(-10).
68
Let d(t) = -t**3 + 5*t**2 - 17*t + 137. Calculate d(6).
-1
Let t(f) = f**3 - 13*f**2 + 4*f - 41. Determine t(0).
-41
Let n(q) = 3*q**3 - 8*q**2 - 19*q - 4. What is n(5)?
76
Let k(y) = 859*y + 2565. Determine k(-3).
-12
Let g(q) = 58*q + 119. Give g(-2).
3
Let f(h) = -4*h**2 + 148*h - 1132. What is f(11)?
12
Let b(x) = -280*x + 1115. What is b(4)?
-5
Let i(w) = -w**3 - 64*w**2 - 449*w - 175. Determine i(-56).
-119
Let p(s) = 3*s**2 - 26*s + 44. Determine p(2).
4
Let v(b) = 3*b**2 + 70*b - 583. Calculate v(6).
-55
Let j(w) = -w**3 + 32*w**2 + 407*w - 10575. What is j(35)?
-5
Let x(a) = -a**3 + 18*a**2 - 58*a + 31. Determine x(14).
3
Let a(x) = -x**2 + 48*x - 451. Give a(11).
-44
Let t(m) = 32*m + 543. Give t(-17).
-1
Let p(h) = 245*h**2 - 3428*h - 30. Determine p(14).
-2
Let n(w) = -10*w**3 + 90*w**2 - 67*w - 81. Calculate n(8).
23
Let i(t) = -2*t**3 + 15*t**2 + 120*t + 22. Calculate i(-4).
-90
Let q(j) = j**3 + 72*j**2 - 380*j + 393. Determine q(-77).
8
Let z(m) = -m**3 + 70*m**2 + 615*m - 24. Calculate z(-8).
48
Let z(c) = 5*c**2 - 72*c - 806. Give z(-12).
778
Let k(r) = 264*r + 1219. Calculate k(-5).
-101
Let f(s) = -s**3 + 11*s**2 - 29*s - 1. Calculate f(8).
-41
Let g(q) = q**3 - 13*q**2 + q + 123. Determine g(12).
-9
Let c(p) = 2*p**2 - 3*p - 13. Determine c(5).
22
Let b(i) = i**2 + 128*i - 361. What is b(3)?
32
Let i(h) = -81*h + 303. Calculate i(4).
-21
Let v(x) = -x**2 - 175*x - 1658. Determine v(-10).
-8
Let t(z) = 2*z**3 - 40*z**2 - 236*z - 366. Determine t(25).
-16
Let x(c) = -c**3 + 10*c**2 + 40*c - 239. Determine x(12).
-47
Let c(w) = 27*w - 554. What is c(24)?
94
Let k(j) = -4*j - 83. What is k(-35)?
57
Let l(f) = -f**2 + 28*f + 137. What is l(-5)?
-28
Let a(t) = -3456*t + 10407. Calculate a(3).
39
Let w(s) = -19*s**2 - 29*s + 131. What is w(4)?
-289
Let y(i) = 82*i + 79. Determine y(-1).
-3
Let d(q) = q**3 - 8*q**2 + 5*q + 86. Determine d(6).
44
Let p(w) = w**2 + 14*w - 85. Determine p(6).
35
Let d(r) = -r**3 + 41*r**2 - 28*r + 1177. What is d(41)?
29
Let r(i) = 2*i**3 - 7*i**2 - 290*i + 1137. Give r(4).
-7
Let x(h) = 3*h**3 - 16*h**2 + 43*h - 133. What is x(4)?
-25
Let q(z) = 3*z**2 + 8*z - 97. Calculate q(6).
59
Let f(g) = -g**3 + 5*g**2 - 30*g + 69. Determine f(3).
-3
Let k(g) = 33*g**2 - 282*g + 283. Calculate k(1).
34
Let l(h) = h**3 - 62*h**2 + 215*h + 945. Calculate l(58).
-41
Let z(o) = 24409*o - 97631. Give z(4).
5
Let z(l) = -l**3 - 16*l**2 - 43*l + 139. Calculate z(-11).
7
Let a(n) = 2*n**2 - 57*n + 61. What is a(28)?
33
Let t(p) = p**3 + 79*p**2 + 107*p + 2237. Give t(-78).
-25
Let x(m) = -212*m + 104. What is x(0)?
104
Let i(u) = -63*u**2 - 19*u + 34. Determine i(2).
-256
Let i(p) = 26*p - 374. What is i(9)?
-140
Let t(f) = f**3 + 72*f**2 + 1072*f + 24. Give t(-21).
3
Let w(p) = 2*p**2 + 3613*p - 208602. Calculate w(56).
-2
Let c(a) = a**2 + 16*a + 73. What is c(-5)?
18
Let g(q) = -6*q**3 + 163*q**2 - 19*q - 224. Calculate g(27).
-8
Let q(u) = -u**3 - 21*u**2 + 44*u - 38. Calculate q(-23).
8
Let q(l) = -l**2 - 23*l + 26. What is q(-7)?
138
Let d(i) = 9*i**3 + 4*i**2 + 5*i + 4. Give d(0).
4
Let t(c) = -c**2 - 228*c + 2574. Give t(11).
-55
Let u(p) = 3*p**3 - 106*p**2 + 37*p - 37. What is u(35)?
33
Let n(c) = -498*c - 3986. Determine n(-8).
-2
Let c(a) = -9*a - 176. Calculate c(-8).
-104
Let k(r) = -1457*r - 8740. What is k(-6)?
2
Let h(o) = -6*o**2 + 85*o - 165. Give h(12).
-9
Let r(f) = 16*f - 59. Determine r(3).
-11
Let x(i) = -i**3 - 8*i**2 + 21*i + 223. Give x(-7).
27
Let x(m) = -3*m**2 + 91*m + 4906. What is x(-28)?
6
Let i(b) = -63*b**2 + 5*b + 2. Give i(-1).
-66
Let m(k) = k**2 + 75*k + 1327. Give m(-42).
-59
Let q(l) = -l**2 + 196*l - 3023. What is q(17)?
20
Let w(l) = 25*l - 3. Give w(-1).
-28
Let x(v) = -v**3 - 5*v**2 - 66*v - 333. Determine x(-5).
-3
Let i(v) = -v**3 + 8*v**2 - 103*v + 830. Determine i(8).
6
Let t(i) = -43*i + 1644. Calculate t(41).
-119
Let v(n) = -3*n**3 - n**2 - 3*n + 2. What is v(-3)?
83
Let r(c) = 6*c**2 - 209*c - 3